{"id":383,"date":"2019-06-15T13:35:09","date_gmt":"2019-06-15T09:35:09","guid":{"rendered":"https:\/\/portail.jperrin.ac-reunion.fr\/wordpress\/webtvlpjeanperrin\/?page_id=383"},"modified":"2019-06-18T22:43:25","modified_gmt":"2019-06-18T18:43:25","slug":"le-language-de-programmation-python","status":"publish","type":"page","link":"https:\/\/portail.jperrin.ac-reunion.fr\/wordpress\/webtvlpjeanperrin\/le-language-de-programmation-python\/","title":{"rendered":"Le language de programmation Python"},"content":{"rendered":"<p><strong>Dans cette rubrique, vous trouverez des<span style=\"color: #800000;\"> tutoriels vid\u00e9os sur la r\u00e9alisation de scripts en Python<\/span> \u00e0 l&rsquo;aide de la calculatrice Ti-83 premium ou du logiciel Edupython. La programmation en langage Python sera int\u00e9gr\u00e9e dans le programme de <span style=\"color: #800000;\">seconde professionnelle d\u00e8s la rentr\u00e9e 2019-2020<\/span>.<\/strong><\/p>\n<p><strong><span style=\"color: #000000;\">1. D\u00e9couverte de l&rsquo;application Python sur la Ti-83 premium<\/span><\/strong><\/p>\n<p style=\"text-align: center;\"><iframe loading=\"lazy\" src=\"https:\/\/www.youtube.com\/embed\/nB8-LC9jfF4\" width=\"420\" height=\"236\" frameborder=\"0\" allowfullscreen=\"allowfullscreen\"><\/iframe><\/p>\n<p><strong><span style=\"color: #000000;\">2. Calculer le montant d&rsquo;un int\u00e9r\u00eat simple (Module<\/span> <span style=\"color: #993300;\">calculs commerciaux et financiers en seconde BAC PRO<\/span>)<span style=\"color: #000000;\"> avec la TI-83<\/span><\/strong><\/p>\n<p style=\"text-align: center;\"><iframe loading=\"lazy\" src=\"https:\/\/www.youtube.com\/embed\/sw90p8qySQY\" width=\"420\" height=\"236\" frameborder=\"0\" allowfullscreen=\"allowfullscreen\"><\/iframe><\/p>\n","protected":false},"excerpt":{"rendered":"<p>Dans cette rubrique, vous trouverez des tutoriels vid\u00e9os sur la r\u00e9alisation de scripts en Python \u00e0 l&rsquo;aide de la calculatrice Ti-83 premium ou du logiciel Edupython. La programmation en langage Python sera int\u00e9gr\u00e9e dans le programme de seconde professionnelle d\u00e8s la rentr\u00e9e 2019-2020. 1. D\u00e9couverte de l&rsquo;application Python sur la Ti-83 premium 2. Calculer le&hellip; <a class=\"more-link\" href=\"https:\/\/portail.jperrin.ac-reunion.fr\/wordpress\/webtvlpjeanperrin\/le-language-de-programmation-python\/\">Poursuivre la lecture <span class=\"screen-reader-text\">Le language de programmation Python<\/span><\/a><\/p>\n","protected":false},"author":1959,"featured_media":0,"parent":0,"menu_order":0,"comment_status":"closed","ping_status":"closed","template":"","meta":{"_links_to":"","_links_to_target":""},"_links":{"self":[{"href":"https:\/\/portail.jperrin.ac-reunion.fr\/wordpress\/webtvlpjeanperrin\/wp-json\/wp\/v2\/pages\/383"}],"collection":[{"href":"https:\/\/portail.jperrin.ac-reunion.fr\/wordpress\/webtvlpjeanperrin\/wp-json\/wp\/v2\/pages"}],"about":[{"href":"https:\/\/portail.jperrin.ac-reunion.fr\/wordpress\/webtvlpjeanperrin\/wp-json\/wp\/v2\/types\/page"}],"author":[{"embeddable":true,"href":"https:\/\/portail.jperrin.ac-reunion.fr\/wordpress\/webtvlpjeanperrin\/wp-json\/wp\/v2\/users\/1959"}],"replies":[{"embeddable":true,"href":"https:\/\/portail.jperrin.ac-reunion.fr\/wordpress\/webtvlpjeanperrin\/wp-json\/wp\/v2\/comments?post=383"}],"version-history":[{"count":9,"href":"https:\/\/portail.jperrin.ac-reunion.fr\/wordpress\/webtvlpjeanperrin\/wp-json\/wp\/v2\/pages\/383\/revisions"}],"predecessor-version":[{"id":395,"href":"https:\/\/portail.jperrin.ac-reunion.fr\/wordpress\/webtvlpjeanperrin\/wp-json\/wp\/v2\/pages\/383\/revisions\/395"}],"wp:attachment":[{"href":"https:\/\/portail.jperrin.ac-reunion.fr\/wordpress\/webtvlpjeanperrin\/wp-json\/wp\/v2\/media?parent=383"}],"curies":[{"name":"wp","href":"https:\/\/api.w.org\/{rel}","templated":true}]}}